-7015
What is 879 (base 11) in base 6?
4514
Convert 14a48 (base 11) to base 13.
987b
Convert 21443 (base 5) to base 12.
a4a
2615 (base 8) to base 4
112031
10302 (base 7) to base 13
1212
What is -110 (base 11) in base 13?
-a2
14300 (base 6) to base 8
4334
Convert 8180 (base 10) to base 14.
2da4
What is 1200 (base 7) in base 15?
1e6
Convert 4f6 (base 16) to base 8.
2366
What is 21012 (base 5) in base 2?
10101100110
What is -21d (base 14) in base 9?
-515
-3908 (base 10) to base 6
-30032
-1000111101 (base 2) to base 7
-1446
-12352 (base 6) to base 11
-1449
Convert -8700 (base 9) to base 6.
-45343
-15603 (base 8) to base 15
-2148
dc9 (base 15) to base 8
6052
What is -113 (base 8) in base 12?
-63
Convert -49418 (base 11) to base 2.
-10001010110000110
Convert -10120011 (base 3) to base 7.
-10366
Convert 626 (base 10) to base 9.
765
Convert 251 (base 8) to base 16.
a9
What is 2e49 (base 16) in base 11?
89a2
1450 (base 6) to base 16
186
What is -2100 (base 3) in base 14?
-47
Convert 1000010100 (base 2) to base 7.
1360
What is -582 (base 10) in base 3?
-210120
What is -87a (base 14) in base 8?
-3214
What is -988 (base 10) in base 4?
-33130
What is -2122 (base 4) in base 2?
-10011010
Convert -a9 (base 12) to base 10.
-129
What is 20040 (base 5) in base 16?
4f6
267 (base 15) to base 11
458
-23022102 (base 4) to base 2
-1011001010010010
-1222 (base 3) to base 9
-58
f6 (base 16) to base 2
11110110
Convert 3345 (base 16) to base 8.
31505
8102 (base 14) to base 13
a10b
Convert -2104 (base 5) to base 6.
-1143
cd8c (base 15) to base 4
22220211
Convert -55d (base 16) to base 13.
-818
What is -5687 (base 9) in base 16?
-1072
-1033 (base 4) to base 16
-4f
What is -32c0 (base 13) in base 7?
-26441
Convert 2402 (base 8) to base 11.
a66
Convert -111001100 (base 2) to base 4.
-13030
Convert -136bb (base 15) to base 6.
-1200152
What is 11303200 (base 4) in base 8?
56340
Convert -5030 (base 7) to base 10.
-1736
What is 83 (base 16) in base 2?
10000011
Convert -51 (base 7) to base 3.
-1100
-151665 (base 8) to base 10
-54197
-10 (base 14) to base 10
-14
What is 14 (base 15) in base 10?
19
What is 142b (base 12) in base 11?
1837
Convert -3414 (base 8) to base 16.
-70c
Convert 4412 (base 5) to base 14.
315
What is -5505 (base 6) in base 2?
-10011110001
-131716 (base 8) to base 13
-17c4a
What is -65034 (base 10) in base 15?
-14409
1864 (base 12) to base 11
2248
-3142 (base 6) to base 13
-428
What is -222020 (base 5) in base 4?
-1321100
What is -32d0 (base 14) in base 2?
-10001001100110
What is 3100023 (base 4) in base 10?
13323
1001001010 (base 2) to base 15
291
359 (base 11) to base 7
1150
-40604 (base 7) to base 2
-10011010101110
Convert 33302 (base 6) to base 4.
1020212
What is 19b0 (base 15) in base 5?
134230
-31335 (base 6) to base 9
-5725
5360 (base 12) to base 3
110112200
Convert -c85 (base 13) to base 6.
-13521
11111011010101 (base 2) to base 16
3ed5
9 (base 12) to base 11
9
What is 25443 (base 6) in base 5?
110333
What is 1e9 (base 15) in base 11?
374
Convert 11972 (base 10) to base 16.
2ec4
What is -15a (base 14) in base 5?
-2101
Convert -b959 (base 15) to base 4.
-21211002
What is 553c (base 16) in base 13?
9c16
What is 2337 (base 9) in base 3?
2101021
Convert 311241 (base 5) to base 12.
5a98
-102210002 (base 3) to base 16
-218c
What is 2361 (base 11) in base 13?
153b
143660 (base 8) to base 3
2121010100
What is -10000121 (base 3) in base 6?
-14111
-121012 (base 3) to base 8
-665
What is b7a0 (base 12) in base 5?
1121021
Convert -110110110111011 (base 2) to base 3.
-1102112102
Convert 8c5 (base 15) to base 9.
2645
What is -262 (base 11) in base 6?
-1234
What is -1112 (base 10) in base 2?
-10001011000
-10230030 (base 4) to base 11
-13486
122020 (base 3) to base 7
1233
What is 1011011101010110 (base 2) in base 8?
133526
10010100001010 (base 2) to base 9
14005
Convert -1343 (base 8) to base 12.
-517
What is -216 (base 11) in base 10?
-259
What is -111202111 (base 3) in base 7?
-41146
90 (base 13) to base 5
432
What is -10e7a (base 15) in base 6?
-1053254
What is -2a5 (base 11) in base 15?
-18c
What is -3607 (base 9) in base 5?
-41210
What is 25ab (base 16) in base 7?
40054
-100035 (base 6) to base 3
-101200212
Convert 42272 (base 10) to base 13.
16319
Convert -2457 (base 11) to base 8.
-6210
What is -2a2 (base 11) in base 15?
-189
What is -1203102 (base 4) in base 16?
-18d2
-6c2 (base 14) to base 13
-7c7
713 (base 12) to base 2
1111111111
-630 (base 9) to base 5
-4023
-56122 (base 10) to base 13
-1c711
Convert -d64 (base 16) to base 4.
-311210
What is -837b (base 14) in base 9?
-34055
What is 320150 (base 6) in base 12?
13056
-14302 (base 5) to base 8
-2262
Convert 1110 (base 3) to base 14.
2b
Convert -1000055 (base 6) to base 4.
-23121203
Convert -111001100 (base 2) to base 4.
-13030
-1224 (base 5) to base 10
-189
2226 (base 9) to base 3
2020220
Convert -1111121 (base 3) to base 2.
-10001001000
-15478 (base 14) to base 11
-36926
5b98 (base 12) to base 4
2201210
Convert -10001111 (base 2) to base 4.
-2033
What is -4355 (base 8) in base 6?
-14325
-2512 (base 12) to base 6
-31222
4174 (base 10) to base 15
1384
b93 (base 14) to base 4
203231
What is -a3 (base 14) in base 10?
-143
What is 57a (base 14) in base 5?
13323
What is -9493 (base 16) in base 9?
-57151
What is -a190 (base 13) in base 4?
-11123300
-1212001 (base 3) to base 13
-7cc
Convert ce26 (base 15) to base 3.
2012221000
Convert 240a0 (base 11) to base 5.
2102331
1033320 (base 6) to base 4
30201300
Convert -7b3 (base 12) to base 14.
-5b9
What is -101100111 (base 2) in base 8?
-547
Convert 5823 (base 10) to base 15.
1ad3
Convert 340424 (base 5) to base 16.
2ed5
Convert -645 (base 15) to base 7.
-4061
Convert -3aa (base 12) to base 14.
-2c2
Convert eb5 (base 15) to base 10.
3320
Convert 220011010 (base 3) to base 5.
1030412
Convert -170b (base 14) to base 11.
-3112
Convert -5663 (base 7) to base 4.
-200012
Convert -5954 (base 10) to base 5.
-142304
-216 (base 10) to base 14
-116
What is 2422 (base 5) in base 9?
442
-146 (base 15) to base 12
-203
Convert -2543 (base 8) to base 9.
-1802
Convert -100103 (base 4) to base 15.
-498
Convert -32244 (base 11) to base 3.
-2101022010
What is 92 (base 14) in base 13?
9b
-156 (base 9) to base 3
-11220
Convert -152420 (base 7) to base 13.
-106a3
Convert 318 (base 13) to base 4.
20100
-b56 (base 16) to base 4
-231112
28532 (base 13) to base 14
1d78c
Convert 354 (base 10) to base 12.
256
-694 (base 10) to base 16
-2b6
63b (base 12) to base 13
551
What is -2323 (base 15) in base 16?
-1d22
What is 10010102 (base 3) in base 6?
14315
-2a3 (base 12) to base 15
-1c6
163641 (base 7) to base 13
11a90
Convert 1a16 (base 11) to base 16.
9fe
What is -100110022 (base 3) in base 8?
-15355
-9a32 (base 15) to base 9
-48732
-860 (base 15) to base 11
-1469
-9451 (base 10) to base 9
-13861
Convert 3610 (base 8) to base 2.
11110001000
382 (base 9) to base 13
1b5
What is -511041 (base 6) in base 14?
-10a2d
Convert -15c (base 16) to base 3.
-110220
What is -2211 (base 6) in base 7?
-1330
-43832 (base 9) to base 8
-70664
What is -4cc7 (base 15) in base 8?
-40003
Convert 1002100 (base 3) to base 13.
48c
Convert 214133 (base 6) to base 11.
12394
-15b (base 13) to base 10
-245
Convert 120120001 (base 3) to base 16.
2c4d
What is -10210221 (base 3) in base 2?
-101011011011
What is -12350 (base 7) in base 6?
-23045
Convert -9659 (base 14) to base 16.
-655f
3634 (base 8) to base 5
30243
-11022002 (base 3) to base 15
-dde
1321310 (base 5) to base 13
c070
44042 (base 5) to base 10
3022
What is 10001000111 (base 2) in base 7?
3123
Convert -6234 (base 9) to base 6.
-33051
What is -403 (base 9) in base 14?
-195
What is -316 (base 16) in base 11?
-659
What is -801 (base 15) in base 3?
-2110201
Convert 901 (base 10) to base 9.
1211
2256 (base 14) to base 6
43324
-371 (base 8) to base 12
-189
418 (base 10) to base 8
642
4e3f (base 16) to base 10
20031
What is -706 (base 15) in base 12?
-ab9
-27ee (base 16) to base 5
-311342
-319 (base 11) to base 2
-101111111
469 (base 16) to base 15
504
Convert 64306 (base 7) to base 2.
11111000111011
Convert -101100010101001 (base 2) to base 6.
-253025
1028 (base 11) to base 4
111101
Convert 345c (base 13) to base 3.
101002000
Convert -1145 (base 8) to base 10.
-613
Convert